{"id":2745,"date":"2013-01-28T10:51:13","date_gmt":"2013-01-28T10:51:13","guid":{"rendered":"https:\/\/belgianfapa.anmdev.be\/groupe-de-contact\/"},"modified":"2018-01-24T17:00:01","modified_gmt":"2018-01-24T17:00:01","slug":"groupe-de-contact","status":"publish","type":"page","link":"https:\/\/belgianfapa.be\/nl\/groupe-de-contact\/","title":{"rendered":"Groupe de contact"},"content":{"rendered":"<p>Lors de nos contacts avec les familles atteintes de polypose, nous avons &eacute;t&eacute; frapp&eacute;s par le fait que beaucoup de patients se sentaient seuls et qu&rsquo;ils cherchaient des r&eacute;ponses &agrave; leurs questions. En 2002, quelques patientes atteintes de polypose se sont r&eacute;unies avec la coordinatrice de FAPA, pour cr&eacute;er un &ldquo;Polyposis Contact Group&rdquo; (PCG). Ce groupe avait pour objectif de r&eacute;unir les patients et leur famille et voulait leur donner l&rsquo;occasion de s&rsquo;informer sur tous les aspects de leur affection et ceci d&rsquo;une autre mani&egrave;re que dans un cabinet m&eacute;dical. Le groupe permet de se sentir accept&eacute; et compris, et surtout de ne plus &ecirc;tre seul. Le groupe permet d&rsquo;&eacute;changer, d&rsquo;une mani&egrave;re positive, des id&eacute;es et de trouver parfois des solutions auxquelles on n&rsquo;aurait pas pens&eacute; seul. &#8232;En 2003 avait lieu la premi&egrave;re r&eacute;union du Polyposis Contact Group francophone. Deux ans plus tard, leur exemple &eacute;tait suivi par le groupe n&eacute;erlandophone qui organisa sa premi&egrave;re r&eacute;union en 2005.<\/p>\n<h1>Groupe projet PCG<\/h1>\n<p>En 2008 deux &lsquo;groupes de projet PCG &rsquo; (un francophone et un n&eacute;erlandophone) ont vu le jour. Les groupessont compos&eacute;s de patients et des membres de leur famille. Ils se r&eacute;unissent une ou deux fois par an, en petit groupe pour discuter de diff&eacute;rents sujets (e.a. de l&rsquo;organisation des journ&eacute;es d&rsquo;info) et peuvent, soutenus par FAPA, mettre sur pied des initiatives pour les patients. Si cela vous int&eacute;resse d&rsquo;y participer, faites-le nous savoir (par simple coup de fil, mail ou via le formulaire de contact). Toute aide est la bienvenue !<br>\nLa derni&egrave;re r&eacute;union du groupe de projet PCG a eu lieu en juin 2016. N&rsquo;h&eacute;sitez pas &agrave; nous contacter si vous avez des questions ou des remarques &agrave; ce sujet.<\/p>\n<h1>R&eacute;union PCG<\/h1>\n<p>Chaque ann&eacute;e FAPA organise, en collaboration avec le groupe de projet PCG, une journ&eacute;e d&rsquo;informations pour le Polyposis Contact Group (les patients atteints de FAP et leur famille). &#8232;Tout d&rsquo;abord, nous voulons offrir l&rsquo;information la plus r&eacute;cente au sujet de FAP aux patients et &agrave; leurs membres de famille. Les journ&eacute;es commencent donc toujours par des conf&eacute;rences, donn&eacute;es par des professionnels actifs dans le domaine de FAP. Au cours de la discussion pl&eacute;ni&egrave;re qui suit, tout le monde a largement l&rsquo;occasion de poser des questions. En plus, nous voulons &eacute;galement stimuler les contacts entre les patients atteints de FAP et leurs membres de famille et offrir la possibilit&eacute; d&rsquo;&eacute;changer des exp&eacute;riences. Apr&egrave;s les conf&eacute;rences, un buffet de sandwichs est donc offert afin de promouvoir les contacts informels. Pendant toute la journ&eacute;e, un accueil ludique est pr&eacute;vu pour les plus jeunes enfants. &#8232;Vous trouverez plus d&rsquo;informations dans la rubrique &lsquo;Actualit&eacute;s&rsquo;.<\/p>\n<h1>Autres activit&eacute;s<\/h1>\n<p><strong>Raviva<\/strong> est un programme d&rsquo;activit&eacute;s physiques organis&eacute; par la Fondation contre le Cancer. Il a &eacute;t&eacute; con&ccedil;u par et sous la supervision de sp&eacute;cialistes en canc&eacute;rologie et en m&eacute;decine sportive. Bien que cette initiative ait &eacute;t&eacute; cr&eacute;&eacute;e pour des personnes avec et apr&egrave;s un cancer, FAPA &ndash; en collaboration avec la Fondation contre le Cancer &ndash; vous offre la possibilit&eacute; d&rsquo;y participer. Vous avez le choix entre omnisport, aquagym, tai chi ou yoga. Ces activit&eacute;s sont organis&eacute;es dans diff&eacute;rentes localit&eacute;s. Vous trouverez plus d&rsquo;informations sur ces localit&eacute;s sur www.raviva.be .<\/p>\n<p><strong><span style=\"font-size: 13px;\">Possibilit&eacute; de la cr&eacute;ation d&rsquo;un groupe de parole<\/span><\/strong><\/p>\n<p><em>Qu&rsquo;est-ce que c&rsquo;est un groupe de parole? Quels sont ses objectifs?<\/em><br>\nC&rsquo;est un espace d&rsquo;&eacute;coute, d&rsquo;ouverture, de non-jugement et de non-conseil, o&ugrave; chaque participant &ndash; dans le respect de soi et des autres &ndash; peut partager un v&eacute;cu, une probl&eacute;matique, une difficult&eacute; et ceci dans la confiance et la confidentialit&eacute; en &eacute;tant soutenu par l&rsquo;animateur.<br>\nIl n&rsquo;y a pas forc&eacute;ment d&rsquo;objectif &agrave; un groupe de parole, ce n&rsquo;est pas n&eacute;cessaire. C&rsquo;est surtout un partage de v&eacute;cu entre personnes concern&eacute;es par une probl&eacute;matique commune, que ces personnes soient patients eux-m&ecirc;mes ou proches de patients. Personne n&rsquo;est oblig&eacute; de parler, on peut y participer simplement pour &eacute;couter.<br>\nLa pr&eacute;sence d&rsquo;un animateur form&eacute; est indispensable afin de guider les &eacute;changes, de permettre &agrave; chacun de prendre la parole s&rsquo;il le souhaite et d&rsquo;&eacute;viter les d&eacute;bordements quels qu&rsquo;ils&nbsp; soient.<br>\n<strong><br>\n<\/strong><em>Quels sont quelques-uns des b&eacute;n&eacute;fices possibles ? <\/em><br>\n&ndash;&nbsp;&nbsp; &nbsp;Sortir de son isolement<br>\n&ndash;&nbsp;&nbsp; &nbsp;Exprimer ses &eacute;motions<br>\n&ndash;&nbsp;&nbsp; &nbsp;Partager ses exp&eacute;riences<br>\n&ndash;&nbsp;&nbsp; &nbsp;Trouver du r&eacute;confort, du soutien<br>\n&ndash;&nbsp;&nbsp; &nbsp;Apprendre des autres<br>\n&ndash;&nbsp;&nbsp; &nbsp;Pouvoir se montrer tel qu&rsquo;on est sans &laquo; masque &raquo;<br>\n&ndash;&nbsp;&nbsp; &nbsp;Trouver des petites astuces pour que la vie soit plus facile<br>\n&ndash;&nbsp;&nbsp; &nbsp;&hellip;<br>\nTout cela dans un climat de confiance entour&eacute; d&rsquo;autres personnes qui ont un v&eacute;cu plus ou moins proche.<br>\n<strong><br>\n<\/strong><em>Qu&rsquo;est-ce qu&rsquo;on ne trouvera pas dans un groupe de parole ?<\/em><br>\n&ndash;&nbsp;&nbsp; &nbsp;Des solutions toutes faites<br>\n&ndash;&nbsp;&nbsp; &nbsp;Une th&eacute;rapie<br>\n&ndash;&nbsp;&nbsp; &nbsp;Un lieu o&ugrave; retrouver ses copains. Le groupe de parole n&rsquo;est pas un groupe d&rsquo;amis !<br>\n&ndash;&nbsp;&nbsp; &nbsp;Un endroit o&ugrave; trouver de nouveaux traitements m&eacute;dicaux<\/p>\n","protected":false},"excerpt":{"rendered":"<p>Lors de nos contacts avec les familles atteintes de polypose, nous avons \u00e9t\u00e9 frapp\u00e9s par le fait que beaucoup de patients se sentaient seuls et qu\u2019ils cherchaient des r\u00e9ponses \u00e0 leurs questions. En 2002, quelques patientes atteintes de polypose se sont r\u00e9unies avec la coordinatrice de FAPA, pour cr\u00e9er un &#8220;Polyposis Contact Group&#8221; (PCG). Ce groupe avait pour objectif de r\u00e9unir les patients et leur famille et voulait leur donner l\u2019occasion de s\u2019informer sur tous les aspects de leur affection et ceci d\u2019une autre mani\u00e8re que dans un cabinet m\u00e9dical. Le groupe permet de se sentir accept\u00e9 et compris, et surtout de ne plus \u00eatre seul. Le groupe permet d\u2019\u00e9changer, d\u2019une mani\u00e8re positive, des id\u00e9es et de trouver parfois des solutions auxquelles on n\u2019aurait pas pens\u00e9 seul. \u2028En 2003 avait lieu la premi\u00e8re r\u00e9union du Polyposis Contact Group francophone. Deux ans plus tard, leur exemple \u00e9tait suivi par le groupe n\u00e9erlandophone qui organisa sa premi\u00e8re r\u00e9union en 2005.<\/p>\n<h1>Groupe project PCG<\/h1>\n<p>En 2008 deux \u2018groupes de projet PCG \u2019 (un francophone et un n\u00e9erlandophone) ont vu le jour. Les groupessont compos\u00e9s de patients et des membres de leur famille. Ils se r\u00e9unissent une ou deux fois par an, en petit groupe pour discuter de diff\u00e9rents sujets (e.a. de l&#8217;organisation des journ\u00e9es d&#8217;info) et peuvent, soutenus par FAPA, mettre sur pied des initiatives pour les patients. Si cela vous int\u00e9resse d\u2019y participer, faites-le nous savoir (par simple coup de fil, mail ou via le formulaire de contact). Toute aide est la bienvenue !<br \/>La derni\u00e8re r\u00e9union du groupe de projet PCG a eu lieu en juin 2016. N&#8217;h\u00e9sitez pas \u00e0 nous contacter si vous avez des questions ou des remarques \u00e0 ce sujet.<\/p>\n<h1>R\u00e9union PCG<\/h1>\n<p>Chaque ann\u00e9e FAPA organise, en collaboration avec le groupe de projet PCG, une journ\u00e9e d\u2019informations pour le Polyposis Contact Group (les patients atteints de FAP et leur famille). \u2028Tout d&#8217;abord, nous voulons offrir l&#8217;information la plus r\u00e9cente au sujet de FAP aux patients et \u00e0 leurs membres de famille. Les journ\u00e9es commencent donc toujours par des conf\u00e9rences, donn\u00e9es par des professionnels actifs dans le domaine de FAP. Au cours de la discussion pl\u00e9ni\u00e8re qui suit, tout le monde a largement l&#8217;occasion de poser des questions. En plus, nous voulons \u00e9galement stimuler les contacts entre les patients atteints de FAP et leurs membres de famille et offrir la possibilit\u00e9 d&#8217;\u00e9changer des exp\u00e9riences. Apr\u00e8s les conf\u00e9rences, un buffet de sandwichs est donc offert afin de promouvoir les contacts informels. Pendant toute la journ\u00e9e, un accueil ludique est pr\u00e9vu pour les plus jeunes enfants. \u2028Vous trouverez plus d&#8217;informations dans la rubrique \u2018Actualit\u00e9s\u2019.<\/p>\n<h1>Autres activit\u00e9s<\/h1>\n<p><strong>Raviva<\/strong> est un programme d\u2019activit\u00e9s physiques organis\u00e9 par la Fondation contre le Cancer. Il a \u00e9t\u00e9 con\u00e7u par et sous la supervision de sp\u00e9cialistes en canc\u00e9rologie et en m\u00e9decine sportive. Bien que cette initiative ait \u00e9t\u00e9 cr\u00e9\u00e9e pour des personnes avec et apr\u00e8s un cancer, FAPA &#8211; en collaboration avec la Fondation contre le Cancer &#8211; vous offre la possibilit\u00e9 d\u2019y participer. Vous avez le choix entre omnisport, aquagym, tai chi ou yoga. Ces activit\u00e9s sont organis\u00e9es dans diff\u00e9rentes localit\u00e9s. Vous trouverez plus d\u2019informations sur ces localit\u00e9s sur www.raviva.be .&nbsp;<\/p>\n<p><strong><span style=\"font-size: 13px;\">Possibilit\u00e9 de la cr\u00e9ation d\u2019un groupe de parole<\/span><\/strong><\/p>\n<p><em>Qu&#8217;est-ce que c&#8217;est un groupe de parole? Quels sont ses objectifs?<\/em><br \/>C\u2019est un espace d\u2019\u00e9coute, d\u2019ouverture, de non-jugement et de non-conseil, o\u00f9 chaque participant &#8211; dans le respect de soi et des autres &#8211; peut partager un v\u00e9cu, une probl\u00e9matique, une difficult\u00e9 et ceci dans la confiance et la confidentialit\u00e9 en \u00e9tant soutenu par l\u2019animateur.<br \/>Il n\u2019y a pas forc\u00e9ment d\u2019objectif \u00e0 un groupe de parole, ce n\u2019est pas n\u00e9cessaire. C\u2019est surtout un partage de v\u00e9cu entre personnes concern\u00e9es par une probl\u00e9matique commune, que ces personnes soient patients eux-m\u00eames ou proches de patients. Personne n\u2019est oblig\u00e9 de parler, on peut y participer simplement pour \u00e9couter.<br \/>La pr\u00e9sence d\u2019un animateur form\u00e9 est indispensable afin de guider les \u00e9changes, de permettre \u00e0 chacun de prendre la parole s&#8217;il le souhaite et d\u2019\u00e9viter les d\u00e9bordements quels qu\u2019ils&nbsp; soient.<br \/><strong><br \/><\/strong><em>Quels sont quelques-uns des b\u00e9n\u00e9fices possibles ? <\/em><br \/>&#8211;&nbsp;&nbsp; &nbsp;Sortir de son isolement<br \/>&#8211;&nbsp;&nbsp; &nbsp;Exprimer ses \u00e9motions<br \/>&#8211;&nbsp;&nbsp; &nbsp;Partager ses exp\u00e9riences<br \/>&#8211;&nbsp;&nbsp; &nbsp;Trouver du r\u00e9confort, du soutien<br \/>&#8211;&nbsp;&nbsp; &nbsp;Apprendre des autres<br \/>&#8211;&nbsp;&nbsp; &nbsp;Pouvoir se montrer tel qu\u2019on est sans \u00ab masque \u00bb<br \/>&#8211;&nbsp;&nbsp; &nbsp;Trouver des petites astuces pour que la vie soit plus facile<br \/>&#8211;&nbsp;&nbsp; &nbsp;\u2026<br \/>Tout cela dans un climat de confiance entour\u00e9 d\u2019autres personnes qui ont un v\u00e9cu plus ou moins proche.<br \/><strong><br \/><\/strong><em>Qu\u2019est-ce qu\u2019on ne trouvera pas dans un groupe de parole ?<\/em><br \/>&#8211;&nbsp;&nbsp; &nbsp;Des solutions toutes faites<br \/>&#8211;&nbsp;&nbsp; &nbsp;Une th\u00e9rapie <br \/>&#8211;&nbsp;&nbsp; &nbsp;Un lieu o\u00f9 retrouver ses copains. Le groupe de parole n\u2019est pas un groupe d\u2019amis !<br \/>&#8211;&nbsp;&nbsp; &nbsp;Un endroit o\u00f9 trouver de nouveaux traitements m\u00e9dicaux<\/p>\n","protected":false},"author":39,"featured_media":0,"parent":0,"menu_order":0,"comment_status":"closed","ping_status":"closed","template":"","meta":{"_acf_changed":false,"kk_blocks_editor_width":"","_kiokenblocks_attr":"","_kiokenblocks_dimensions":"","footnotes":""},"class_list":["post-2745","page","type-page","status-publish","hentry"],"acf":[],"_links":{"self":[{"href":"https:\/\/belgianfapa.be\/nl\/wp-json\/wp\/v2\/pages\/2745","targetHints":{"allow":["GET"]}}],"collection":[{"href":"https:\/\/belgianfapa.be\/nl\/wp-json\/wp\/v2\/pages"}],"about":[{"href":"https:\/\/belgianfapa.be\/nl\/wp-json\/wp\/v2\/types\/page"}],"author":[{"embeddable":true,"href":"https:\/\/belgianfapa.be\/nl\/wp-json\/wp\/v2\/users\/39"}],"replies":[{"embeddable":true,"href":"https:\/\/belgianfapa.be\/nl\/wp-json\/wp\/v2\/comments?post=2745"}],"version-history":[{"count":1,"href":"https:\/\/belgianfapa.be\/nl\/wp-json\/wp\/v2\/pages\/2745\/revisions"}],"predecessor-version":[{"id":3166,"href":"https:\/\/belgianfapa.be\/nl\/wp-json\/wp\/v2\/pages\/2745\/revisions\/3166"}],"wp:attachment":[{"href":"https:\/\/belgianfapa.be\/nl\/wp-json\/wp\/v2\/media?parent=2745"}],"curies":[{"name":"wp","href":"https:\/\/api.w.org\/{rel}","templated":true}]}}

<p>Lors de nos contacts avec les familles atteintes de polypose, nous avons été frappés par le fait que beaucoup de patients se sentaient seuls et qu’ils cherchaient des réponses à leurs questions. En 2002, quelques patientes atteintes de polypose se sont réunies avec la coordinatrice de FAPA, pour créer un &#8220;Polyposis Contact Group&#8221; (PCG). Ce groupe avait pour objectif de réunir les patients et leur famille et voulait leur donner l’occasion de s’informer sur tous les aspects de leur affection et ceci d’une autre manière que dans un cabinet médical. Le groupe permet de se sentir accepté et compris, et surtout de ne plus être seul. Le groupe permet d’échanger, d’une manière positive, des idées et de trouver parfois des solutions auxquelles on n’aurait pas pensé seul.  En 2003 avait lieu la première réunion du Polyposis Contact Group francophone. Deux ans plus tard, leur exemple était suivi par le groupe néerlandophone qui organisa sa première réunion en 2005.</p>
<h1>Groupe project PCG</h1>
<p>En 2008 deux ‘groupes de projet PCG ’ (un francophone et un néerlandophone) ont vu le jour. Les groupessont composés de patients et des membres de leur famille. Ils se réunissent une ou deux fois par an, en petit groupe pour discuter de différents sujets (e.a. de l&#8217;organisation des journées d&#8217;info) et peuvent, soutenus par FAPA, mettre sur pied des initiatives pour les patients. Si cela vous intéresse d’y participer, faites-le nous savoir (par simple coup de fil, mail ou via le formulaire de contact). Toute aide est la bienvenue !<br />La dernière réunion du groupe de projet PCG a eu lieu en juin 2016. N&#8217;hésitez pas à nous contacter si vous avez des questions ou des remarques à ce sujet.</p>
<h1>Réunion PCG</h1>
<p>Chaque année FAPA organise, en collaboration avec le groupe de projet PCG, une journée d’informations pour le Polyposis Contact Group (les patients atteints de FAP et leur famille).  Tout d&#8217;abord, nous voulons offrir l&#8217;information la plus récente au sujet de FAP aux patients et à leurs membres de famille. Les journées commencent donc toujours par des conférences, données par des professionnels actifs dans le domaine de FAP. Au cours de la discussion plénière qui suit, tout le monde a largement l&#8217;occasion de poser des questions. En plus, nous voulons également stimuler les contacts entre les patients atteints de FAP et leurs membres de famille et offrir la possibilité d&#8217;échanger des expériences. Après les conférences, un buffet de sandwichs est donc offert afin de promouvoir les contacts informels. Pendant toute la journée, un accueil ludique est prévu pour les plus jeunes enfants.  Vous trouverez plus d&#8217;informations dans la rubrique ‘Actualités’.</p>
<h1>Autres activités</h1>
<p><strong>Raviva</strong> est un programme d’activités physiques organisé par la Fondation contre le Cancer. Il a été conçu par et sous la supervision de spécialistes en cancérologie et en médecine sportive. Bien que cette initiative ait été créée pour des personnes avec et après un cancer, FAPA &#8211; en collaboration avec la Fondation contre le Cancer &#8211; vous offre la possibilité d’y participer. Vous avez le choix entre omnisport, aquagym, tai chi ou yoga. Ces activités sont organisées dans différentes localités. Vous trouverez plus d’informations sur ces localités sur www.raviva.be .&nbsp;</p>
<p><strong><span style="font-size: 13px;">Possibilité de la création d’un groupe de parole</span></strong></p>
<p><em>Qu&#8217;est-ce que c&#8217;est un groupe de parole? Quels sont ses objectifs?</em><br />C’est un espace d’écoute, d’ouverture, de non-jugement et de non-conseil, où chaque participant &#8211; dans le respect de soi et des autres &#8211; peut partager un vécu, une problématique, une difficulté et ceci dans la confiance et la confidentialité en étant soutenu par l’animateur.<br />Il n’y a pas forcément d’objectif à un groupe de parole, ce n’est pas nécessaire. C’est surtout un partage de vécu entre personnes concernées par une problématique commune, que ces personnes soient patients eux-mêmes ou proches de patients. Personne n’est obligé de parler, on peut y participer simplement pour écouter.<br />La présence d’un animateur formé est indispensable afin de guider les échanges, de permettre à chacun de prendre la parole s&#8217;il le souhaite et d’éviter les débordements quels qu’ils&nbsp; soient.<br /><strong><br /></strong><em>Quels sont quelques-uns des bénéfices possibles ? </em><br />&#8211;&nbsp;&nbsp; &nbsp;Sortir de son isolement<br />&#8211;&nbsp;&nbsp; &nbsp;Exprimer ses émotions<br />&#8211;&nbsp;&nbsp; &nbsp;Partager ses expériences<br />&#8211;&nbsp;&nbsp; &nbsp;Trouver du réconfort, du soutien<br />&#8211;&nbsp;&nbsp; &nbsp;Apprendre des autres<br />&#8211;&nbsp;&nbsp; &nbsp;Pouvoir se montrer tel qu’on est sans « masque »<br />&#8211;&nbsp;&nbsp; &nbsp;Trouver des petites astuces pour que la vie soit plus facile<br />&#8211;&nbsp;&nbsp; &nbsp;…<br />Tout cela dans un climat de confiance entouré d’autres personnes qui ont un vécu plus ou moins proche.<br /><strong><br /></strong><em>Qu’est-ce qu’on ne trouvera pas dans un groupe de parole ?</em><br />&#8211;&nbsp;&nbsp; &nbsp;Des solutions toutes faites<br />&#8211;&nbsp;&nbsp; &nbsp;Une thérapie <br />&#8211;&nbsp;&nbsp; &nbsp;Un lieu où retrouver ses copains. Le groupe de parole n’est pas un groupe d’amis !<br />&#8211;&nbsp;&nbsp; &nbsp;Un endroit où trouver de nouveaux traitements médicaux</p>
